1
What is the units digit of 520264?
4
What is the ten thousands digit of 529479?
2
What is the hundreds digit of 13123079?
0
What is the tens digit of 50899?
9
What is the units digit of 186379?
9
What is the thousands digit of 8999343?
9
What is the hundred thousands digit of 2180007?
1
What is the hundreds digit of 2324284?
2
What is the thousands digit of 3375650?
5
What is the ten thousands digit of 1014903?
1
What is the millions digit of 9329324?
9
What is the tens digit of 99044?
4
What is the hundred thousands digit of 470380?
4
What is the hundred thousands digit of 1572227?
5
What is the hundred thousands digit of 2419437?
4
What is the ten millions digit of 33198266?
3
What is the hundreds digit of 498756?
7
What is the millions digit of 2835241?
2
What is the ten millions digit of 11869385?
1
What is the hundred thousands digit of 1087967?
0
What is the units digit of 1103170?
0
What is the units digit of 120371?
1
What is the thousands digit of 1014117?
4
What is the units digit of 9037?
7
What is the thousands digit of 815495?
5
What is the hundreds digit of 94385?
3
What is the ten millions digit of 11880635?
1
What is the thousands digit of 260897?
0
What is the thousands digit of 71319?
1
What is the units digit of 14660700?
0
What is the hundred thousands digit of 2976005?
9
What is the units digit of 1574766?
6
What is the ten thousands digit of 4104570?
0
What is the hundreds digit of 8544541?
5
What is the units digit of 26123368?
8
What is the hundred thousands digit of 7926011?
9
What is the hundred thousands digit of 13890566?
8
What is the hundred thousands digit of 725827?
7
What is the millions digit of 1990830?
1
What is the hundred thousands digit of 2561010?
5
What is the units digit of 3015670?
0
What is the units digit of 414824?
4
What is the tens digit of 3810?
1
What is the hundreds digit of 9357356?
3
What is the tens digit of 148073?
7
What is the units digit of 348450?
0
What is the units digit of 188633?
3
What is the hundreds digit of 9028495?
4
What is the tens digit of 11051?
5
What is the thousands digit of 30423345?
3
What is the units digit of 17693410?
0
What is the ten thousands digit of 697943?
9
What is the hundreds digit of 3241384?
3
What is the tens digit of 6178535?
3
What is the tens digit of 8832435?
3
What is the tens digit of 9792179?
7
What is the ten thousands digit of 464933?
6
What is the hundreds digit of 375929?
9
What is the tens digit of 1367660?
6
What is the tens digit of 10921528?
2
What is the units digit of 589514?
4
What is the hundreds digit of 410316?
3
What is the hundred thousands digit of 3210630?
2
What is the tens digit of 1183917?
1
What is the units digit of 562144?
4
What is the hundred thousands digit of 3656929?
6
What is the hundreds digit of 256699?
6
What is the ten thousands digit of 206367?
0
What is the hundred thousands digit of 28974260?
9
What is the units digit of 6195?
5
What is the hundreds digit of 1206908?
9
What is the hundred thousands digit of 513916?
5
What is the ten millions digit of 20125328?
2
What is the tens digit of 23685008?
0
What is the hundred thousands digit of 1149436?
1
What is the hundreds digit of 11966601?
6
What is the units digit of 232281?
1
What is the thousands digit of 1887?
1
What is the ten thousands digit of 397796?
9
What is the millions digit of 2752055?
2
What is the hundreds digit of 526749?
7
What is the millions digit of 2054779?
2
What is the tens digit of 359402?
0
What is the tens digit of 4234075?
7
What is the hundreds digit of 5689?
6
What is the ten millions digit of 25876426?
2
What is the thousands digit of 522954?
2
What is the thousands digit of 7847500?
7
What is the units digit of 74421?
1
What is the ten thousands digit of 644986?
4
What is the ten thousands digit of 544786?
4
What is the units digit of 24243?
3
What is the hundred thousands digit of 421466?
4
What is the units digit of 6031780?
0
What is the hundreds digit of 93126?
1
What is the units digit of 2793699?
9
What is the tens digit of 709791?
9
What is the units digit of 30666957?
7
What is the thousands digit of 207614?
7
What is the hundreds digit of 2184344?
3
What is the tens digit of 466323?
2
What is the ten millions digit of 33316834?
3
What is the ten thousands digit of 1377015?
7
What is the ten thousands digit of 809016?
0
What is the hundreds digit of 5098797?
7
What is the ten thousands digit of 1159790?
5
What is the thousands digit of 119883?
9
What is the thousands digit of 127224?
7
What is the hundred thousands digit of 4017174?
0
What is the units digit of 9848582?
2
What is the hundreds digit of 2320895?
8
What is the ten thousands digit of 284691?
8
What is the hundred thousands digit of 104115?
1
What is the units digit of 446696?
6
What is the hundred thousands digit of 11348506?
3
What is the ten thousands digit of 4790481?
9
What is the tens digit of 2190023?
2
What is the millions digit of 2483403?
2
What is the ten thousands digit of 629734?
2
What is the hundred thousands digit of 299459?
2
What is the ten thousands digit of 17392393?
9
What is the hundred thousands digit of 7313550?
3
What is the tens digit of 191863?
6
What is the units digit of 157849?
9
What is the units digit of 73496?
6
What is the millions digit of 3457006?
3
What is the hundred thousands digit of 292370?
2
What is the millions digit of 19172339?
9
What is the units digit of 4813662?
2
What is the hundred thousands digit of 6482364?
4
What is the thousands digit of 65361?
5
What is the tens digit of 20193709?
0
What is the hundreds digit of 556040?
0
What is the hundreds digit of 8872500?
5
What is the hundred thousands digit of 760654?
7
What is the millions digit of 1823195?
1
What is the tens digit of 9004?
0
What is the ten thousands digit of 20992642?
9
What is the tens digit of 118867?
6
What is the tens digit of 1903424?
2
What is the millions digit of 10360748?
0
What is the tens digit of 1587577?
7
What is the millions digit of 20823435?
0
What is the ten thousands digit of 4466476?
6
What is the units digit of 286593?
3
What is the millions digit of 1552858?
1
What is the units digit of 541537?
7
What is the hundreds digit of 4542351?
3
What is the hundreds digit of 1605217?
2
What is the hundreds digit of 383159?
1
What is the thousands digit of 1106484?
6
What is the tens digit of 5549979?
7
What is the ten thousands digit of 28126419?
2
What is the thousands digit of 359936?
9
What is the units digit of 1914104?
4
What is the hundred thousands digit of 3404263?
4
What is the units digit of 506840?
0
What is the hundred thousands digit of 15691227?
6
What is the tens digit of 1041783?
8
What is the hundreds digit of 23470344?
3
What is the thousands digit of 674238?
4
What is the units digit of 126565?
5
What is the units digit of 6154476?
6
What is the hundreds digit of 213993?
9
What is the hundred thousands digit of 10542364?
5
What is the millions digit of 2300905?
2
What is the units digit of 2867013?
3
What is the ten thousands digit of 19806523?
0
What is the ten thousands digit of 15963650?
6
What is the tens digit of 268367?
6
What is the millions digit of 1854660?
1
What is the tens digit of 529182?
8
What is the thousands digit of 634844?
4
What is the millions digit of 3392720?
3
What is the hundred thousands digit of 809846?
8
What is the tens digit of 798614?
1
What is the ten thousands digit of 127295?
2
What is the hundred thousands digit of 147679?
1
What is the hundred thousands digit of 238912?
2
What is the ten thousands digit of 1008216?
0
What is the millions digit of 5037849?
5
What is the tens digit of 78024?
2
What is the ten thousands digit of 197125?
9
What is the thousands digit of 96894?
6
What is the ten thousands digit of 18604748?
0
What is the thousands digit of 2152077?
2
What is the units digit of 704578?
8
What is the tens digit of 115191?
9
What is the thousands digit of 2489824?
9
What is the tens digit of 137197?
9
What is the units digit of 7143018?
8
What is the millions digit of 4908165?
4
What is the millions digit of 5077680?
5
What is the tens digit of 192081?
8
What is the millions digit of 6431709?
6
What is the hundred thousands digit of 550593?
5
What is the tens digit 